{"id":2281,"date":"2016-07-04T09:26:47","date_gmt":"2016-07-04T09:26:47","guid":{"rendered":"http:\/\/www.fasoulasheavytransportations.gr\/?page_id=2281"},"modified":"2016-11-20T12:55:13","modified_gmt":"2016-11-20T12:55:13","slug":"uber-uns","status":"publish","type":"page","link":"http:\/\/www.fasoulasheavytransportations.gr\/?page_id=2281&lang=de","title":{"rendered":"\u00dcber uns"},"content":{"rendered":"<div>Unser Unternehmen ist spezialisiert auf den Transport schwerer Lasten in Griechenland und dem Balkan, in Ptolemais, die Pr\u00e4fektur von Kozani im Norden Griechenlands basiert.<\/div>\n<div>Gr\u00fcndungsjahr 2006 und mit einem Generaldirektor mit 20-J\u00e4hrigen Erfahrung, sowohl im Transport schwerer Ladung als auch in der Hochhebung. Wir \u00fcbernehmen, beraten und finden neue Wege, die Forderungen\u00a0 unserer Kunden zun erf\u00fcllen.\u00a0<br \/>\nHypergro\u00dfe Ladungen, wie Br\u00fccken Volumin\u00f6s je nach verlangen unserer Kunden. Mit unserer modernen Ausr\u00fcstung in Kombination zum spezialisierten und gut ausgebildetem Personal ist alles durchf\u00fchrbar.Wir \u00fcbernehmen das Laden und Entladen jeder Ladung mit Sicherheit.<br \/>\nUnser bestens ausgebildetes Personal mit unseren Fahrzeugen, die die modernste Technologie besitzen, stehen Ihnen 24 Stunden am Tag, 7 Tage die Woche und dank des riesengro\u00dfen Netzes von Mitarbeitern in Griechenland und in ganz Europa,\u00a0 zur Verf\u00fcgung. Wir versichern Ihnen, dass der &#8221; Spezialtransport Fasoulas &#8221; alle Ihre Transporte verwirklicht. Zum Schluss, unsere perfekt ausger\u00fcstete Anlagen mit Flache 18 Dekar, gibt uns die M\u00f6glichkeit zum Abladen, Umladen und zur sicheren Bewachung der Maschinen.<\/p>\n<div><\/div>\n<div><center><iframe loading=\"lazy\" src=\"https:\/\/player.vimeo.com\/video\/174807233\" width=\"640\" height=\"360\" frameborder=\"0\" webkitallowfullscreen mozallowfullscreen allowfullscreen><\/iframe><\/p>\n<p><a href=\"https:\/\/vimeo.com\/174807233\"> <\/p>\n<p><center>\n<\/div>\n<div>\n    <style>      #bwg_container1_0 #bwg_container2_0 .bwg_standart_thumbnails_0 * {        -moz-box-sizing: border-box;        box-sizing: border-box;      }      #bwg_container1_0 #bwg_container2_0 .bwg_standart_thumb_spun1_0 {        -moz-box-sizing: content-box;        box-sizing: content-box;        background-color: #FFFFFF;        display: inline-block;        height: 90px;        margin: 4px;        padding: 0px;        opacity: 1.00;        filter: Alpha(opacity=100);        text-align: center;        vertical-align: middle;        transition: all 0.3s ease 0s;-webkit-transition: all 0.3s ease 0s;        width: 180px;        z-index: 100;      }      #bwg_container1_0 #bwg_container2_0 .bwg_standart_thumb_spun1_0:hover {        -ms-transform: scale(1.1);        -webkit-transform: scale(1.1);        backface-visibility: hidden;        -webkit-backface-visibility: hidden;        -moz-backface-visibility: hidden;        -ms-backface-visibility: hidden;        opacity: 1;        filter: Alpha(opacity=100);        transform: scale(1.1);        z-index: 102;        position: relative;      }      #bwg_container1_0 #bwg_container2_0 .bwg_standart_thumb_spun2_0 {        border: 0px none #CCCCCC;        border-radius: 0;        box-shadow: 0px 0px 0px #888888;        display: inline-block;        height: 90px;        overflow: hidden;        width: 180px;      }      #bwg_container1_0 #bwg_container2_0 .bwg_standart_thumbnails_0 {        background-color: rgba(255, 255, 255, 0.00);        display: inline-block;        font-size: 0;        max-width: 960px;        text-align: center;      }      #bwg_container1_0 #bwg_container2_0 .bwg_standart_thumb_0 {        display: inline-block;        text-align: center;      }            #bwg_container1_0 #bwg_container2_0 .bwg_standart_thumb_spun1_0:hover .bwg_title_spun1_0 {        left: 0px;        top: 0px;        opacity: 1;        filter: Alpha(opacity=100);      }      #bwg_container1_0 #bwg_container2_0 .bwg_title_spun2_0 {        color: #CCCCCC;        display: table-cell;        font-family: segoe ui;        font-size: 16px;        font-weight: bold;        height: inherit;        padding: 2px;        text-shadow: 0px 0px 0px #888888;        vertical-align: middle;        width: inherit;        word-wrap: break-word;      }      \/*pagination styles*\/      #bwg_container1_0 #bwg_container2_0 .tablenav-pages_0 {        text-align: center;        font-size: 12px;        font-family: segoe ui;        font-weight: bold;        color: #666666;        margin: 6px 0 4px;        display: block;        height: 30px;        line-height: 30px;      }      @media only screen and (max-width : 320px) {        #bwg_container1_0 #bwg_container2_0 .displaying-num_0 {          display: none;        }      }      #bwg_container1_0 #bwg_container2_0 .displaying-num_0 {        font-size: 12px;        font-family: segoe ui;        font-weight: bold;        color: #666666;        margin-right: 10px;        vertical-align: middle;      }      #bwg_container1_0 #bwg_container2_0 .paging-input_0 {        font-size: 12px;        font-family: segoe ui;        font-weight: bold;        color: #666666;        vertical-align: middle;      }      #bwg_container1_0 #bwg_container2_0 .tablenav-pages_0 a.disabled,      #bwg_container1_0 #bwg_container2_0 .tablenav-pages_0 a.disabled:hover,      #bwg_container1_0 #bwg_container2_0 .tablenav-pages_0 a.disabled:focus {        cursor: default;        color: rgba(102, 102, 102, 0.5);      }      #bwg_container1_0 #bwg_container2_0 .tablenav-pages_0 a {        cursor: pointer;        font-size: 12px;        font-family: segoe ui;        font-weight: bold;        color: #666666;        text-decoration: none;        padding: 3px 6px;        margin: 0;        border-radius: 0;        border-style: solid;        border-width: 1px;        border-color: #E3E3E3;        background-color: #FFFFFF;        opacity: 1.00;        filter: Alpha(opacity=100);        box-shadow: 0;        transition: all 0.3s ease 0s;-webkit-transition: all 0.3s ease 0s;      }      #bwg_container1_0 #bwg_container2_0 .bwg_back_0 {        background-color: rgba(0, 0, 0, 0);        color: #000000 !important;        cursor: pointer;        display: block;        font-family: segoe ui;        font-size: 16px;        font-weight: bold;        text-decoration: none;        padding: 0;      }      #bwg_container1_0 #bwg_container2_0 #spider_popup_overlay_0 {        background-color: #000000;        opacity: 0.70;        filter: Alpha(opacity=70);      }     .bwg_play_icon_spun_0 {        width: inherit;        height: inherit;        display: table;        position: absolute;      }\t      .bwg_play_icon_0 {        color: #CCCCCC;        font-size: 32px;        vertical-align: middle;        display: table-cell !important;        z-index: 1;        text-align: center;        margin: 0 auto;      }    <\/style>    <div id=\"bwg_container1_0\">      <div id=\"bwg_container2_0\">        <form id=\"gal_front_form_0\" method=\"post\" action=\"#\">                    <div class=\"bwg_back_0\"><\/div>          <div style=\"background-color:rgba(0, 0, 0, 0); text-align: center; width:100%; position: relative;\">            <div id=\"ajax_loading_0\" style=\"position:absolute;width: 100%; z-index: 115; text-align: center; height: 100%; vertical-align: middle; display:none;\">              <div style=\"display: table; vertical-align: middle; width: 100%; height: 100%; background-color: #FFFFFF; opacity: 0.7; filter: Alpha(opacity=70);\">                <div style=\"display: table-cell; text-align: center; position: relative; vertical-align: middle;\" >                  <div id=\"loading_div_0\" class=\"bwg_spider_ajax_loading\" style=\"display: inline-block; text-align:center; position:relative; vertical-align:middle; background-image:url(http:\/\/www.fasoulasheavytransportations.gr\/wp-content\/plugins\/photo-gallery\/images\/ajax_loader.gif); float: none; width:30px;height:30px;background-size:30px 30px;\">                  <\/div>                <\/div>              <\/div>            <\/div>                        <div id=\"bwg_standart_thumbnails_0\" class=\"bwg_standart_thumbnails_0\">                              <a  class=\"bwg_lightbox_0\" href=\"http:\/\/www.fasoulasheavytransportations.gr\/wp-content\/uploads\/photo-gallery\/comp3\/DJI_0032.JPG\" data-image-id=\"214\">                  <span class=\"bwg_standart_thumb_0\">                                        <span class=\"bwg_standart_thumb_spun1_0\">                      <span class=\"bwg_standart_thumb_spun2_0\">                                                <img decoding=\"async\" class=\"bwg_standart_thumb_img_0 bwg_img_clear bwg_img_custom\" style=\"width:180px; height:100.8px; margin-left: 0px; margin-top: -5.4px;\" id=\"214\" src=\"http:\/\/www.fasoulasheavytransportations.gr\/wp-content\/uploads\/photo-gallery\/comp3\/thumb\/DJI_0032.JPG\" alt=\"DJI 0032          \" \/>                      <\/span>                    <\/span>                                      <\/span>                <\/a>                                <a  class=\"bwg_lightbox_0\" href=\"http:\/\/www.fasoulasheavytransportations.gr\/wp-content\/uploads\/photo-gallery\/comp3\/DJI_0037.JPG\" data-image-id=\"215\">                  <span class=\"bwg_standart_thumb_0\">                                        <span class=\"bwg_standart_thumb_spun1_0\">                      <span class=\"bwg_standart_thumb_spun2_0\">                                                <img decoding=\"async\" class=\"bwg_standart_thumb_img_0 bwg_img_clear bwg_img_custom\" style=\"width:180px; height:100.8px; margin-left: 0px; margin-top: -5.4px;\" id=\"215\" src=\"http:\/\/www.fasoulasheavytransportations.gr\/wp-content\/uploads\/photo-gallery\/comp3\/thumb\/DJI_0037.JPG\" alt=\"DJI 0037          \" \/>                      <\/span>                    <\/span>                                      <\/span>                <\/a>                                <a  class=\"bwg_lightbox_0\" href=\"http:\/\/www.fasoulasheavytransportations.gr\/wp-content\/uploads\/photo-gallery\/comp3\/DJI_0041.JPG\" data-image-id=\"216\">                  <span class=\"bwg_standart_thumb_0\">                                        <span class=\"bwg_standart_thumb_spun1_0\">                      <span class=\"bwg_standart_thumb_spun2_0\">                                                <img decoding=\"async\" class=\"bwg_standart_thumb_img_0 bwg_img_clear bwg_img_custom\" style=\"width:180px; height:100.8px; margin-left: 0px; margin-top: -5.4px;\" id=\"216\" src=\"http:\/\/www.fasoulasheavytransportations.gr\/wp-content\/uploads\/photo-gallery\/comp3\/thumb\/DJI_0041.JPG\" alt=\"DJI 0041          \" \/>                      <\/span>                    <\/span>                                      <\/span>                <\/a>                                <a  class=\"bwg_lightbox_0\" href=\"http:\/\/www.fasoulasheavytransportations.gr\/wp-content\/uploads\/photo-gallery\/comp3\/DSC_0021.JPG\" data-image-id=\"217\">                  <span class=\"bwg_standart_thumb_0\">                                        <span class=\"bwg_standart_thumb_spun1_0\">                      <span class=\"bwg_standart_thumb_spun2_0\">                                                <img decoding=\"async\" class=\"bwg_standart_thumb_img_0 bwg_img_clear bwg_img_custom\" style=\"width:180px; height:120px; margin-left: 0px; margin-top: -15px;\" id=\"217\" src=\"http:\/\/www.fasoulasheavytransportations.gr\/wp-content\/uploads\/photo-gallery\/comp3\/thumb\/DSC_0021.JPG\" alt=\"DSC 0021          \" \/>                      <\/span>                    <\/span>                                      <\/span>                <\/a>                                <a  class=\"bwg_lightbox_0\" href=\"http:\/\/www.fasoulasheavytransportations.gr\/wp-content\/uploads\/photo-gallery\/comp3\/DSC_0023.JPG\" data-image-id=\"218\">                  <span class=\"bwg_standart_thumb_0\">                                        <span class=\"bwg_standart_thumb_spun1_0\">                      <span class=\"bwg_standart_thumb_spun2_0\">                                                <img decoding=\"async\" class=\"bwg_standart_thumb_img_0 bwg_img_clear bwg_img_custom\" style=\"width:180px; height:120px; margin-left: 0px; margin-top: -15px;\" id=\"218\" src=\"http:\/\/www.fasoulasheavytransportations.gr\/wp-content\/uploads\/photo-gallery\/comp3\/thumb\/DSC_0023.JPG\" alt=\"DSC 0023          \" \/>                      <\/span>                    <\/span>                                      <\/span>                <\/a>                                <a  class=\"bwg_lightbox_0\" href=\"http:\/\/www.fasoulasheavytransportations.gr\/wp-content\/uploads\/photo-gallery\/comp3\/1.JPG\" data-image-id=\"238\">                  <span class=\"bwg_standart_thumb_0\">                                        <span class=\"bwg_standart_thumb_spun1_0\">                      <span class=\"bwg_standart_thumb_spun2_0\">                                                <img decoding=\"async\" class=\"bwg_standart_thumb_img_0 bwg_img_clear bwg_img_custom\" style=\"width:180px; height:134.4px; margin-left: 0px; margin-top: -22.2px;\" id=\"238\" src=\"http:\/\/www.fasoulasheavytransportations.gr\/wp-content\/uploads\/photo-gallery\/comp3\/thumb\/1.JPG\" alt=\"1        \" \/>                      <\/span>                    <\/span>                                      <\/span>                <\/a>                                <a  class=\"bwg_lightbox_0\" href=\"http:\/\/www.fasoulasheavytransportations.gr\/wp-content\/uploads\/photo-gallery\/comp3\/2.jpg\" data-image-id=\"239\">                  <span class=\"bwg_standart_thumb_0\">                                        <span class=\"bwg_standart_thumb_spun1_0\">                      <span class=\"bwg_standart_thumb_spun2_0\">                                                <img decoding=\"async\" class=\"bwg_standart_thumb_img_0 bwg_img_clear bwg_img_custom\" style=\"width:180px; height:135px; margin-left: 0px; margin-top: -22.5px;\" id=\"239\" src=\"http:\/\/www.fasoulasheavytransportations.gr\/wp-content\/uploads\/photo-gallery\/comp3\/thumb\/2.jpg\" alt=\"2        \" \/>                      <\/span>                    <\/span>                                      <\/span>                <\/a>                                <a  class=\"bwg_lightbox_0\" href=\"http:\/\/www.fasoulasheavytransportations.gr\/wp-content\/uploads\/photo-gallery\/comp3\/3.JPG\" data-image-id=\"240\">                  <span class=\"bwg_standart_thumb_0\">                                        <span class=\"bwg_standart_thumb_spun1_0\">                      <span class=\"bwg_standart_thumb_spun2_0\">                                                <img decoding=\"async\" class=\"bwg_standart_thumb_img_0 bwg_img_clear bwg_img_custom\" style=\"width:180px; height:120px; margin-left: 0px; margin-top: -15px;\" id=\"240\" src=\"http:\/\/www.fasoulasheavytransportations.gr\/wp-content\/uploads\/photo-gallery\/comp3\/thumb\/3.JPG\" alt=\"3        \" \/>                      <\/span>                    <\/span>                                      <\/span>                <\/a>                                <a  class=\"bwg_lightbox_0\" href=\"http:\/\/www.fasoulasheavytransportations.gr\/wp-content\/uploads\/photo-gallery\/comp3\/4.JPG\" data-image-id=\"241\">                  <span class=\"bwg_standart_thumb_0\">                                        <span class=\"bwg_standart_thumb_spun1_0\">                      <span class=\"bwg_standart_thumb_spun2_0\">                                                <img decoding=\"async\" class=\"bwg_standart_thumb_img_0 bwg_img_clear bwg_img_custom\" style=\"width:180px; height:120px; margin-left: 0px; margin-top: -15px;\" id=\"241\" src=\"http:\/\/www.fasoulasheavytransportations.gr\/wp-content\/uploads\/photo-gallery\/comp3\/thumb\/4.JPG\" alt=\"4        \" \/>                      <\/span>                    <\/span>                                      <\/span>                <\/a>                                <a  class=\"bwg_lightbox_0\" href=\"http:\/\/www.fasoulasheavytransportations.gr\/wp-content\/uploads\/photo-gallery\/comp3\/5.JPG\" data-image-id=\"242\">                  <span class=\"bwg_standart_thumb_0\">                                        <span class=\"bwg_standart_thumb_spun1_0\">                      <span class=\"bwg_standart_thumb_spun2_0\">                                                <img decoding=\"async\" class=\"bwg_standart_thumb_img_0 bwg_img_clear bwg_img_custom\" style=\"width:180px; height:120px; margin-left: 0px; margin-top: -15px;\" id=\"242\" src=\"http:\/\/www.fasoulasheavytransportations.gr\/wp-content\/uploads\/photo-gallery\/comp3\/thumb\/5.JPG\" alt=\"5        \" \/>                      <\/span>                    <\/span>                                      <\/span>                <\/a>                            <\/div>                <span class=\"bwg_nav_cont_0\">        <div class=\"tablenav-pages_0\">          <\/div>          <input type=\"hidden\" id=\"page_number_0\" name=\"page_number_0\" value=\"1\" \/>    <script type=\"text\/javascript\">      function spider_page_0(cur, x, y, load_more) {        if (typeof load_more == \"undefined\") {          var load_more = false;        }        if (jQuery(cur).hasClass('disabled')) {          return false;        }        var items_county_0 = 1;        switch (y) {          case 1:            if (x >= items_county_0) {              document.getElementById('page_number_0').value = items_county_0;            }            else {              document.getElementById('page_number_0').value = x + 1;            }            break;          case 2:            document.getElementById('page_number_0').value = items_county_0;            break;          case -1:            if (x == 1) {              document.getElementById('page_number_0').value = 1;            }            else {              document.getElementById('page_number_0').value = x - 1;            }            break;          case -2:            document.getElementById('page_number_0').value = 1;            break;          default:            document.getElementById('page_number_0').value = 1;        }        spider_frontend_ajax('gal_front_form_0', '0', 'bwg_standart_thumbnails_0', '0', '', 'album', 0, '', '', load_more);      }      jQuery('.first-page-0').on('click', function() {        spider_page_0(this, 1, -2);      });      jQuery('.prev-page-0').on('click', function() {        spider_page_0(this, 1, -1);        return false;      });      jQuery('.next-page-0').on('click', function() {        spider_page_0(this, 1, 1);        return false;      });      jQuery('.last-page-0').on('click', function() {        spider_page_0(this, 1, 2);      });      jQuery('.bwg_load_btn_0').on('click', function() {        spider_page_0(this, 1, 1, true);        return false;      });    <\/script>    <\/span>              <\/div>        <\/form>        <div id=\"bwg_spider_popup_loading_0\" class=\"bwg_spider_popup_loading\"><\/div>        <div id=\"spider_popup_overlay_0\" class=\"spider_popup_overlay\" onclick=\"spider_destroypopup(1000)\"><\/div>      <\/div>    <\/div>    <script>            function bwg_gallery_box_0(image_id) {        var filterTags = jQuery(\"#bwg_tags_id_bwg_standart_thumbnails_0\" ).val() ? jQuery(\"#bwg_tags_id_bwg_standart_thumbnails_0\" ).val() : 0;        var filtersearchname = jQuery(\"#bwg_search_input_0\" ).val() ? jQuery(\"#bwg_search_input_0\" ).val() : '';        spider_createpopup('http:\/\/www.fasoulasheavytransportations.gr\/wp-admin\/admin-ajax.php?tag_id=0&action=GalleryBox&current_view=0&gallery_id=10&theme_id=1&thumb_width=180&thumb_height=90&open_with_fullscreen=0&open_with_autoplay=0&image_width=800&image_height=500&image_effect=fade&wd_sor=order&wd_ord= asc &enable_image_filmstrip=1&image_filmstrip_height=70&enable_image_ctrl_btn=1&enable_image_fullscreen=1&popup_enable_info=1&popup_info_always_show=0&popup_info_full_width=0&popup_hit_counter=0&popup_enable_rate=0&slideshow_interval=5&enable_comment_social=1&enable_image_facebook=1&enable_image_twitter=1&enable_image_google=1&enable_image_pinterest=0&enable_image_tumblr=0&watermark_type=none&slideshow_effect_duration=1&image_id=' + image_id + \"&filter_tag_0=\" +  filterTags + \"&filter_search_name_0=\" +  filtersearchname, '0', '800', '500', 1, 'testpopup', 5, \"bottom\");      }      function bwg_document_ready_0() {        var bwg_touch_flag = false;        jQuery(\".bwg_lightbox_0\").on(\"click\", function () {          if (!bwg_touch_flag) {            bwg_touch_flag = true;            setTimeout(function(){ bwg_touch_flag = false; }, 100);            bwg_gallery_box_0(jQuery(this).attr(\"data-image-id\"));            return false;          }        });               }      jQuery(document).ready(function () {        bwg_document_ready_0();      });    <\/script>    \n<\/div>\n","protected":false},"excerpt":{"rendered":"<p>Unser Unternehmen ist spezialisiert auf den Transport schwerer Lasten in Griechenland und dem Balkan, in Ptolemais, die Pr\u00e4fektur von Kozani im Norden Griechenlands basiert. Gr\u00fcndungsjahr 2006 und mit einem Generaldirektor mit 20-J\u00e4hrigen Erfahrung, sowohl im Transport schwerer Ladung als auch in der Hochhebung. Wir \u00fcbernehmen, beraten und finden neue Wege, die Forderungen\u00a0 unserer Kunden zun &hellip;<\/p>\n","protected":false},"author":1,"featured_media":0,"parent":0,"menu_order":0,"comment_status":"closed","ping_status":"closed","template":"","meta":{"footnotes":""},"class_list":["post-2281","page","type-page","status-publish","hentry"],"_links":{"self":[{"href":"http:\/\/www.fasoulasheavytransportations.gr\/index.php?rest_route=\/wp\/v2\/pages\/2281","targetHints":{"allow":["GET"]}}],"collection":[{"href":"http:\/\/www.fasoulasheavytransportations.gr\/index.php?rest_route=\/wp\/v2\/pages"}],"about":[{"href":"http:\/\/www.fasoulasheavytransportations.gr\/index.php?rest_route=\/wp\/v2\/types\/page"}],"author":[{"embeddable":true,"href":"http:\/\/www.fasoulasheavytransportations.gr\/index.php?rest_route=\/wp\/v2\/users\/1"}],"replies":[{"embeddable":true,"href":"http:\/\/www.fasoulasheavytransportations.gr\/index.php?rest_route=%2Fwp%2Fv2%2Fcomments&post=2281"}],"version-history":[{"count":9,"href":"http:\/\/www.fasoulasheavytransportations.gr\/index.php?rest_route=\/wp\/v2\/pages\/2281\/revisions"}],"predecessor-version":[{"id":2694,"href":"http:\/\/www.fasoulasheavytransportations.gr\/index.php?rest_route=\/wp\/v2\/pages\/2281\/revisions\/2694"}],"wp:attachment":[{"href":"http:\/\/www.fasoulasheavytransportations.gr\/index.php?rest_route=%2Fwp%2Fv2%2Fmedia&parent=2281"}],"curies":[{"name":"wp","href":"https:\/\/api.w.org\/{rel}","templated":true}]}}